6 - -754. Suppose -y*p = -73959 - 76719. Is p prime?
False
Let y = 69 + -23. Let i = -40 + y. Suppose i*v - 110 - 6220 = 0. Is v a prime number?
False
Suppose -220577 = -16*f + 411887. Is f a prime number?
False
Suppose 0 = 3*m - 3*r + 31119, -3*m - 3*r = -18829 + 49960. Let n = -4186 - m. Is n a composite number?
True
Suppose 2*i - 4 = -n + 3*i, -4*n + 5*i = -16. Suppose 6*y - 3682 = 5*y. Suppose n*q - 2*q - y = 0. Is q prime?
False
Let x be ((-1456)/(-448))/(1/4). Suppose x*f + 16597 = 64580. Is f composite?
False
Suppose 0 = -2*a - g - 7, a + 11*g = 15*g - 8. Let y(p) = 157*p**2 + 3*p + 21. Is y(a) prime?
True
Let a(y) = -49 - 24 - 12*y - 18 + 191*y. Is a(30) a prime number?
True
Suppose 2*z + 390 = 394. Suppose -6*q + 108824 = z*q. Is q composite?
True
Suppose u - 4*h - 575499 = 0, 4*u - 13*h - 2302007 = -8*h. Is u prime?
True
Let p(l) = -6*l - 161. Let z be p(-29). Suppose -z*u = -22458 - 63589. Is u a composite number?
False
Suppose -74*o + 5*o + 23471826 = -11506413. Is o a prime number?
False
Suppose 57*v + 96 = 60*v. Is ((-9239)/(-2) - 0) + (-48)/v composite?
True
Suppose 12*i + 1652 = 13*i. Suppose -2 = -t, 6*g - 2*g - i = -2*t. Suppose -4*m + p = -846, -g = -2*m - 6*p + p. Is m composite?
False
Suppose -43 + 3 = -20*t. Suppose 0 = t*n + 4*f - 1109 - 1341, 0 = 3*f - 9. Is n a prime number?
False
Let w(o) = -7*o - 1 + 13*o - 5*o + 47*o**2. Is w(-3) a composite number?
False
Let t = 71 + -66. Suppose -5*a = -0*a - 5*y - 22035, t*y + 17630 = 4*a. Suppose a + 4386 = 4*q + r, -2*q = -2*r - 4408. Is q prime?
False
Let a = -11614 + 29553. Is a prime?
True
Let v be 1*((-12)/(-4))/(-3) - 21766. Is (-1 - -3 - v)*(-2 - -3) a composite number?
True
Let i(u) = 433*u - 11. Let d(x) = -435*x + 11. Let j(n) = -6*d(n) - 7*i(n). Is j(-2) a composite number?
False
Suppose -6 = 3*v - 3*p - 2*p, 2*p = -4*v + 18. Let r = 1183 + -1207. Is v/12 - 22914/r prime?
False
Suppose u + 3*s - 8953 = 0, -678*s + 680*s - 8949 = -u. Is u a prime number?
True
Suppose 3*l + 42 = -33. Let u be 1*(-3)/5*l. Suppose -u*z = -10*z - 2035. Is z a prime number?
False
Let d(l) = 34809*l**2 - 46*l + 145. Is d(-6) prime?
False
Let s be (5 + 1318/(-1))*(0 - 1). Let j = 806 + s. Is j a composite number?
True
Suppose 0 = w - 3*a - 19, 3*w + 3*a + 49 = 130. Let b(l) = -l**3 + 28*l**2 - 19*l - 37. Is b(w) a composite number?
True
Suppose 4*t + 24 = 0, 3*i + 29*t - 3051 = 34*t. Is i composite?
True
Let i = -1 - -10. Suppose -c + i = 3*w, 2*w - 6*c - 20 = -2*c. Suppose -w*a - 692 - 446 = -2*m, -2*m = 4*a - 1154. Is m prime?
False
Let q = 29091 + -3182. Is q a prime number?
False
Let h(n) = 2448*n + 5183. Is h(60) a prime number?
True
Let f(s) = s**3 - 4*s**2 - 8*s - 3. Let l be f(6). Let c be 2*(l/(-6))/(-1). Let b(m) = 27*m - 2. Is b(c) prime?
False
Let w be ((-91)/2 + 2)*(-4700)/15. Let k = w + 8137. Is k a prime number?
True
Suppose 33*b - 10769789 = -540152. Is b composite?
False
Let t be (0 - (-55)/(-10))/(7/14). Is t/22 + (1 - 33759/(-6)) composite?
True
Suppose r - 69854 = -3*n, -5*r + 112413 = -4*n - 236914. Suppose r = 4*g - 7*z + 12*z, -3*g = z - 52389. Is g prime?
False
Let l(b) = 2140*b**2 - 17*b - 7. Let s be l(8). Suppose 41910 + s = 29*u. Is u a composite number?
False
Suppose 7*h - 6288 = 33. Suppose -4*z - 2*j = -10819 + h, 2*z - 4970 = -4*j. Is z composite?
False
Let h = -4072 + 88151. Is h a prime number?
False
Let s(l) = -11*l + 208. Let p be s(19). Let y(z) be the second derivative of -149*z**3/2 + z**2 + 2*z. Is y(p) prime?
True
Suppose -1 + 4 = n. Suppose -n*i + 9 = 0, 11*x - 16*x + i + 11542 = 0. Is x composite?
False
Suppose 0 = 2*v - v + 4*i - 15, -3*v - 4*i + 29 = 0. Is 12129/5 + v/35 composite?
True
Let a = -146 - -153. Suppose 8*z = a*z + 2149. Is z prime?
False
Suppose 2*p + 0*p = -2*y - 902, 4*y - 2291 = 5*p. Is 57354/14 - 130/p a composite number?
True
Let i = -19787 + 1766. Let r = i + 27548. Is r composite?
True
Suppose 3*p - 368454 = 3*h, 18*p - 5*h - 368452 = 15*p. Is p prime?
True
Let f(i) be the second derivative of -7*i**3/6 - 2*i**2 - 14*i. Let w be f(-1). Let h(j) = 5*j**3 + 8*j**2 - 5*j + 7. Is h(w) composite?
False
Suppose -5*z + 52 + 102 = 4*p, -5*z + 10 = 0. Suppose -41*r = -p*r - 19205. Is r prime?
False
Suppose x - 388*c - 161221 = -387*c, 5*c + 644886 = 4*x. Is x prime?
False
Let v be (2 - 1)*((6 - 3) + 10). Let j = v + -18. Is (-44838)/(-18) - (j - -1) composite?
True
Let v(i) = -2692*i + 11. Let o be v(-7). Let g = -6848 + o. Is g a prime number?
True
Is (16 - -183802)*(8/12)/(4/3) prime?
True
Let v(n) = -n**3 - 28*n**2 - 77*n - 43. Let f be v(-25). Let w(s) be the third derivative of 2*s**4 + 19*s**3/6 - s**2. Is w(f) a composite number?
True
Let l = -43562 + 126163. Is l prime?
True
Let d = -97 + 124. Let y(b) = 342*b + 236*b + d - 282*b. Is y(5) a composite number?
True
Let u(i) = -121*i**2 + 962*i**2 + 382*i**2 + 4*i. Is u(-1) a prime number?
False
Let z(m) = m**2 + m - 28. Let g be z(-6). Let i be 9965/60*g - 2/12. Let d = 369 + i. Is d a prime number?
True
Let d(m) = 3*m**3 - 619*m**2 + 240*m - 1849. Is d(206) composite?
True
Let h = -1157 + 495. Let u = 1059 + h. Is u a prime number?
True
Let h(z) = z**2 - 2. Let v be h(0). Let u(m) be the third derivative of 73*m**5/60 - m**4/12 - m**3/2 + 21*m**2. Is u(v) composite?
False
Let c(l) = 12*l**3 + 6*l**2 + 3*l - 4. Suppose 5*d + g = 1, 0*d + 5*g = -2*d + 5. Suppose -4*x - 3*m + 8 = 0, d*m - m = 4. Is c(x) a composite number?
True
Let y = -50 - -52. Suppose 0 = 3*j, 2*z + y*z = 2*j - 5848. Is (-11)/(55/z) + 3/5 prime?
True
Let k = 940224 - 460931. Is k a prime number?
False
Suppose 4*s + 0 = -3*i - 92, -i = 3*s + 34. Let q = i + 36. Is (5/20 - (-26342)/q)/1 prime?
False
Is (-1)/(-3) - (-2763774)/81 a composite number?
True
Let n = -433247 - -637030. Is n a prime number?
False
Let n(b) = -4*b**3 + 3*b**2 - 12*b + 82. Suppose -4*u = -80*h + 85*h + 59, 0 = -h + 2*u - 23. Is n(h) a prime number?
True
Suppose -n + 2*p + 0 = -2, p = -5*n + 21. Suppose -7*z = -n*z. Suppose 11*q - 8*q - 879 = z. Is q a composite number?
False
Suppose a - 9 = -3*d, -15*a + 5*d + 41 = -12*a. Suppose -a*z + 113065 = -7*z. Is z a prime number?
True
Suppose 3*q + y = 5, 4*y + 8 = q + q. Suppose 0 = k + 41*u - 42*u - 4100, -3*k - q*u + 12325 = 0. Is k composite?
True
Let s = 9 - 5. Suppose -1175 = -s*t - t + 5*w, 5*t - 4*w = 1172. Suppose -t + 75 = -l. Is l a prime number?
True
Is (14/6 + 1/(-3))/(314/17283973) prime?
False
Let u(p) = 735*p + 3. Let x be (-1 + 0 + (6 - 7))*1. Let t be u(x). Let k = 2260 + t. Is k a prime number?
False
Suppose -129*o + 132*o = 5*b + 281331, -2*o + 5*b + 187544 = 0. Is o composite?
False
Suppose 28 = 3*y - 2*s, y - 5*s = -2*s + 21. Let w(j) = 52*j**3 + j**2 + 20*j - 5. Is w(y) composite?
False
Let f(y) = -122*y**2 + 58*y - 10. Let m be f(-8). Let x = m + 19840. Is x a prime number?
False
Suppose -5*g - 2 + 14 = 3*l, l + 4 = g. Is (-101094)/(-10) - (l + 35/25) a prime number?
False
Suppose 2*z - 1050 = 2*a, 3*a - 7*z + 12*z + 1551 = 0. Let x = 1427 + a. Is x prime?
False
Let h(n) = -77*n**3 + 9*n**2 + 7*n + 5. Let z(i) = -i**3 + 3*i**2 + 38*i + 10. Let w be z(8). Is h(w) prime?
False
Is 108771/13*(2/3)/2 composite?
False
Let g = 35 - 78. Let a = -41 - g. Is 5 - 2 - (a*-1 + -1146) composite?
False
Let t be ((-36)/(-48))/(1/20). Let q(j) = -69 - 70 + 128 + 28*j. Is q(t) a composite number?
False
Let o be -7 - (-14 - -7) - -4. Is (2789 - 6) + o/(-1) composite?
True
Is 0 - -676101 - (-11)/(88/(-64)) prime?
False
Is 14 + -29 + 897664/4 a composite number?
False
Let z(f) = 2*f**2 - 15*f + 6. Let i be z(10). Let b = i - 54. Suppose -5*y = b*r - 454 + 7, y = 5. Is r a composite number?
False
Let d = 199269 - -572498. Is d prime?
False
Suppose -2*y - 2*b = 101400, -4*y + 2*b = -8*y - 202792. Let a = y + 72183. Is a prime?
True
Let u(z) = -28*z**3 - 11*z**2 + 28*z - 133. Is u(-12) a prime number?
False
Suppose 5*n + 49086 = 4*m, 5*n + 15994 = 2*m - 8554. Is m prime?
True
Let a = -21 + -29. Let i(z) = 5*z**2 + 117*z + 61. Is i(a) a composite number?
True
Suppose -4*j = -l + 5167, 3*l - 133*j = -137*j + 15453. Is l a prime number?
False
Suppose t + 18*p - 20*p - 3145 = 0, 5*t + 3*p - 15816 = 0. Let v = 0 - -5. Suppose -v*z - 2*k + t = 0, z = k + k + 627. Is z composite?
False
Suppose -2*w = d